pose 9 + 5 = t*p. What are the prime factors of (-2)/p - (-800)/56?
2, 7
Suppose 140 = 8*s + 2*s. Let g be (-49)/(20/22 + -1). What are the prime factors of g/s + 6/4?
2, 5
Let l = -1 - -2. Suppose -5*r + 14 = -l. Suppose -4*i - 57 = -r*x, i - 3*i - 40 = -2*x. What are the prime factors of x?
23
Let k be 8 - 27 - (3 + 0). Let r = k + 24. Suppose q - r*q = -51. List the prime factors of q.
3, 17
Let a be (2/5 + 0)/(5/175). List the prime factors of (-8)/(-56) + 558/a.
2, 5
Let b(m) = 15*m - 4. Let z be b(-1). Let r = 39 + z. List the prime factors of r.
2, 5
Let k(j) = -j**3 + j**2. Let d be k(1). Suppose -8*f + 23 + 1 = 0. Suppose -i + d*i + f = 0. List the prime factors of i.
3
Let l(y) = -4*y + 13. Let d(c) be the third derivative of c**3/6 + 6*c**2. Let o(k) = -6*d(k) + l(k). List the prime factors of o(-8).
3, 13
Suppose 9 = -4*q + 5*v + 40, 2*v = 4*q - 22. Suppose 3*r = q*r. Let i(p) = -p**3 + p**2 + 27. What are the prime factors of i(r)?
3
Suppose 4*c + 0*c - 436 = 0. Let i = -420 + 372. Let o = i + c. What are the prime factors of o?
61
Let u(l) = l - 9. Let a be u(12). Suppose 0 = a*w - 9 - 33. What are the prime factors of w?
2, 7
What are the prime factors of 5 + (-2)/(3782/1262 + -3)?
2, 3, 53
Suppose 5*g + 2*l = 10227, -g + 10*l - 8*l = -2055. List the prime factors of g.
23, 89
Let o(f) = -29*f**3 + 5*f**2 + 12*f + 30. What are the prime factors of o(-3)?
2, 3, 137
Let t = 4174 - 1060. What are the prime factors of t?
2, 3, 173
Let u(l) = -190*l + 37. List the prime factors of u(-5).
3, 7, 47
Suppose -2*l + 977 + 1280 = -5*p, -p = -3*l + 3366. List the prime factors of l.
19, 59
Suppose 4*o = -r + 500, 4*r + 646 = 6*o - o. What are the prime factors of o?
2, 3, 7
Let v = 13 + -9. Suppose -8 = -3*d - 0*s - s, d + v*s = -12. Suppose 5*r = -d*i + 38 + 3, 3*r = 3*i + 30. What are the prime factors of r?
3
Suppose 2*r - 248 = -5*g, 2*g = -10*r + 9*r + 99. List the prime factors of g.
2, 5
Let x be 2 + 28/(-13) + (-55935)/(-143). Suppose 0 = -6*s + 161 + x. What are the prime factors of s?
2, 23
Suppose 7*f = 5*i + 5*f - 7450, -i = 4*f - 1490. What are the prime factors of i?
2, 5, 149
Let b(q) = -3*q**2 - 17*q - 20. Let c(d) = -9*d**2 - 50*d - 58. Let n(i) = 11*b(i) - 4*c(i). What are the prime factors of n(-9)?
2, 3, 23
Suppose 0*u + u + 3*l = 49, 5*l = 3*u - 105. Let r = u + 70. Suppose 5*f - r = 5*h, -2*f = h - 15 - 38. List the prime factors of f.
5
Suppose -3*s = 9, 2*x - 5*s - 7 = -2*x. List the prime factors of (121/x)/((-2)/(-16)*-2).
2, 11
Suppose 29 + 31 = -4*c. What are the prime factors of 170/c*(-6)/4?
17
Suppose 1113 = 5*j + 3*v, 0 = 32*j - 31*j - 5*v - 245. List the prime factors of j.
3, 5
Suppose -k = -i - 161 - 369, -3*i = 2*k + 1605. Let u = -308 - i. List the prime factors of u/(-10)*(-4)/6.
3, 5
List the prime factors of ((-13)/1*-548)/2.
2, 13, 137
Suppose -7*n - 5 = -12. List the prime factors of (-5 - (-3073)/28) + n/4.
3, 5, 7
Let j be (1/((-3)/30))/(8/212). What are the prime factors of (-2*j/(-20))/(2/(-16))?
2, 53
Let x be 140/(-1) - (-14 - -18). List the prime factors of 2354/14 + (x/(-21) - 7).
2, 3, 7
Suppose 0 = 4*i - 4*d + 32, -3*d = 3*i - 4*d + 32. Let s = 6 - 9. List the prime factors of 30*(i/10)/s.
2, 3
Suppose -2*p + 11 = 5*x, x = -2*p - 2*p + 31. Let u be p/24 - 17/(-3). Suppose -3*q - 15 = 0, 4*r - u*q + q - 53 = 0. What are the prime factors of r?
7
Let o(s) = -2*s**3 - 6*s**2 - 5*s + 2. Let n be o(-2). Suppose d = -n*y + 206, 4*d = 3*y + 716 + 184. What are the prime factors of d?
2, 3, 37
Let m = 6 + -6. Suppose -3*b = -3*y, -4*y + b + 6 = -m*y. List the prime factors of y.
2
Let p = 3242 + -2218. What are the prime factors of p?
2
Let r be -51*((9 - 12) + 5/(-3)). Let v = -156 + r. List the prime factors of v.
2, 41
Suppose -5*g - 7 = 8. Let i(w) = 4*w**2 + w + 1. Let a be i(g). Suppose -5*l = -7*l + a. What are the prime factors of l?
17
Suppose 5 - 3 = -2*k, 4*k = -3*g + 8. Suppose -16*o + g*o + 216 = 0. List the prime factors of o.
2, 3
Let h(n) = 37*n - 397. What are the prime factors of h(39)?
2, 523
Suppose -2*c = 4*k + 226, 0*c + 5*c + 5*k = -585. Let n = -55 - c. List the prime factors of n.
2, 3, 11
Let d(t) = 3*t + 12. Let a be d(-4). Suppose 3*p - 21 + 6 = a. What are the prime factors of p?
5
Suppose 4*v - 150 = 3*c - 3021, 4*c = -2*v + 3806. What are the prime factors of c?
953
Suppose 0 = 2*c + 8, -5*c = -3*g + 29. Suppose -g = -2*u + 3*s, 0*u - 4*u = -4*s - 12. Suppose 0*w = -u*w + 30. List the prime factors of w.
5
Let v be 35/(-14) + 3 + (-10)/(-4). Suppose -v*w + 0*w - 911 = -5*d, -w = 5*d - 903. What are the prime factors of d?
181
Let i = 51 + -46. Suppose -i*o - 2*y + 537 - 136 = 0, -o = 4*y - 91. What are the prime factors of o?
79
List the prime factors of ((-60)/(-18) - 3)/((-2)/(-4374)).
3
Let m be 63/5 - 2/(-5). Suppose m - 1 = 2*w. Suppose w*b = 8 + 10. What are the prime factors of b?
3
What are the prime factors of 22420/52 - 4/26?
431
Let s(y) be the second derivative of y**4/12 - 11*y**3/6 + 7*y**2 + 11*y. List the prime factors of s(15).
2, 37
Let k(q) = 555*q**2 - 2*q - 3. List the prime factors of k(2).
2213
Let h(s) = s**3 + 2*s**2 + 2*s + 3. Let n be h(-2). Let l(j) be the second derivative of 5*j**4/6 - j**3/6 - j. What are the prime factors of l(n)?
11
Let s be 2/10 - 57/(-15). Let u(r) = r**2 - 3*r - 2. Let a be u(s). Suppose 2*m = 4*n - 3*n + 59, -2*m = a*n - 68. What are the prime factors of m?
31
Let y = 169 + 168. List the prime factors of 7/(-28) + (-1)/(-4)*y.
2, 3, 7
Let s be 2/(-4) + 3/6. Let i(o) = -3*o + s*o + 3*o - o. List the prime factors of i(-3).
3
Let k(n) = -333*n + 182. List the prime factors of k(-6).
2, 5, 109
Suppose -33*g + 26*g + 2191 = 0. What are the prime factors of g?
313
Let l = 265 - -751. What are the prime factors of l?
2, 127
Let l(y) be the second derivative of 4*y**3/3 - 3*y**2/2 + y. Let w = -451 - -457. What are the prime factors of l(w)?
3, 5
Suppose 6*q = q + 10. Suppose -3*o - 149 = 5*h, -2*h + q = -2. Let b = o - -85. List the prime factors of b.
2
Suppose h = 3*z - 4*h + 4, -3*h = -3*z - 6. Let t(n) = 8*n**2 - 3*n - 4. Let q be t(z). Let s = q + -53. List the prime factors of s.
2, 3
List the prime factors of 10/15 - 1820/(-6).
2, 19
Let l(a) be the second derivative of 167*a**3/6 - 21*a. List the prime factors of l(1).
167
Suppose -5*n + 1442 + 453 = 0. What are the prime factors of n?
379
Suppose 588 = t - g, 0*g + 1758 = 3*t - g. List the prime factors of t.
3, 5, 13
Let z(q) = -q - 4. Let j be z(-6). Suppose 5*f = 20, -j*l + 5*f - 404 = -6*l. Suppose -3*d + l = d. What are the prime factors of d?
2, 3
Let i be (-99)/9 - 2/2. List the prime factors of -6 + (-999)/i + 1/(-4).
7, 11
Let a(i) = -i**3 + 2. Let g be a(-2). Let j = g + 3. Let b = 15 - j. What are the prime factors of b?
2
Let v(g) = g**2 - 12*g. Suppose 2 = -3*t + i + 34, 5*t = 5*i + 40. Let z be v(t). Let a = 3 - z. What are the prime factors of a?
3
Let w(h) = 0 + 2 + h - h**2 - 8*h**3 + 9*h**3. Let k be w(2). List the prime factors of (10/k)/(4/80).
5
Let t be (-4)/(-6) - 22/(-3). Suppose 0 = -v - v + t. Suppose -8*g + 68 = -v*g. List the prime factors of g.
17
Suppose 8*i = 20*i + 5364. Let h = i - -801. What are the prime factors of h?
2, 3, 59
Let g(s) = 64*s**2 - 7*s - 7. Let a be g(-5). Suppose -a = -7*m - 4*m. List the prime factors of m.
2, 37
Let r = 17 + -16. Suppose p - 1 - r = 0. What are the prime factors of p?
2
Suppose -40 + 180 = 5*c. Suppose 28*i - 30*i + c = 0. What are the prime factors of i?
2, 7
Suppose -2*o - 1 = 7. Let p = -1771 + 1770. What are the prime factors of p/o - (-1015)/20?
3, 17
List the prime factors of (-1474)/5*(-1 + (-15)/10).
11, 67
Suppose 9 + 17 = -s. Let l = -6 - s. Suppose r - 2*q = l, 0 = -q + 6*q + 10. What are the prime factors of r?
2
What are the prime factors of ((-7337)/(-58))/(2/4)?
11, 23
Suppose -b - 2*p + 394 = 0, -b - 3*p + 274 = -121. List the prime factors of b.
2, 7
Let v(a) = -598*a**3 - 2*a**2 + a + 2. What are the prime factors of v(-1)?
3, 199
Suppose 0 = 4*h + 2*x - 14, -2*h - 6 = -3*x - 1. Let j(n) = 5*n**3 + 2. Let a(m) = -14*m**3 - 5. Let f(c) = -3*a(c) - 8*j(c). List the prime factors of f(h).
3, 5
What are the prime factors of 156 + ((-16)/10)/(36/90)?
2, 19
Let z(u) = u**3 -